35 is divided by 599.
139
What is the remainder when 3426 is divided by 92?
22
Calculate the remainder when 43108 is divided by 61.
42
What is the remainder when 346 is divided by 57?
4
Calculate the remainder when 170189 is divided by 2.
1
Calculate the remainder when 440563 is divided by 696.
691
Calculate the remainder when 11353 is divided by 6.
1
What is the remainder when 16286 is divided by 18?
14
Calculate the remainder when 1578 is divided by 209.
115
What is the remainder when 25149 is divided by 680?
669
Calculate the remainder when 66718 is divided by 12.
10
What is the remainder when 24956 is divided by 703?
351
What is the remainder when 9079 is divided by 106?
69
What is the remainder when 102777 is divided by 134?
133
Calculate the remainder when 1163 is divided by 155.
78
Calculate the remainder when 338 is divided by 100.
38
Calculate the remainder when 3262 is divided by 603.
247
What is the remainder when 189 is divided by 42?
21
Calculate the remainder when 2679 is divided by 32.
23
What is the remainder when 3551 is divided by 148?
147
Calculate the remainder when 174915 is divided by 211.
207
What is the remainder when 7677 is divided by 192?
189
Calculate the remainder when 21263 is divided by 169.
138
What is the remainder when 1981 is divided by 647?
40
What is the remainder when 537 is divided by 443?
94
Calculate the remainder when 10222 is divided by 18.
16
What is the remainder when 9628 is divided by 943?
198
Calculate the remainder when 2213 is divided by 2002.
211
What is the remainder when 3203 is divided by 1961?
1242
What is the remainder when 214943 is divided by 48?
47
Calculate the remainder when 851451 is divided by 685.
681
Calculate the remainder when 326267 is divided by 158.
155
Calculate the remainder when 36812 is divided by 17.
7
What is the remainder when 17894 is divided by 1653?
1364
Calculate the remainder when 198162 is divided by 962.
952
Calculate the remainder when 32812 is divided by 6562.
2
Calculate the remainder when 4681 is divided by 4662.
19
Calculate the remainder when 3965 is divided by 3945.
20
Calculate the remainder when 531299 is divided by 300.
299
What is the remainder when 74925 is divided by 24975?
0
Calculate the remainder when 108570 is divided by 468.
462
What is the remainder when 21266 is divided by 709?
705
Calculate the remainder when 18588 is divided by 1132.
476
Calculate the remainder when 7079 is divided by 503.
37
What is the remainder when 16161 is divided by 601?
535
Calculate the remainder when 162863 is divided by 54.
53
What is the remainder when 11972 is divided by 5891?
190
What is the remainder when 11201 is divided by 27?
23
What is the remainder when 11431 is divided by 5669?
93
What is the remainder when 78982 is divided by 56?
22
Calculate the remainder when 17234 is divided by 8583.
68
Calculate the remainder when 7487 is divided by 934.
15
Calculate the remainder when 156238 is divided by 44.
38
Calculate the remainder when 111248 is divided by 108.
8
Calculate the remainder when 4069 is divided by 6.
1
What is the remainder when 766 is divided by 52?
38
Calculate the remainder when 1910 is divided by 27.
20
What is the remainder when 125361 is divided by 31334?
25
What is the remainder when 175060 is divided by 150?
10
What is the remainder when 23966 is divided by 1856?
1694
Calculate the remainder when 479156 is divided by 440.
436
Calculate the remainder when 246448 is divided by 82138.
34
What is the remainder when 745 is divided by 255?
235
What is the remainder when 2590 is divided by 86?
10
What is the remainder when 16410 is divided by 88?
42
Calculate the remainder when 934368 is divided by 48.
0
What is the remainder when 995 is divided by 194?
25
Calculate the remainder when 5664 is divided by 1848.
120
Calculate the remainder when 110781 is divided by 193.
192
What is the remainder when 17324 is divided by 722?
718
Calculate the remainder when 2819 is divided by 2526.
293
What is the remainder when 11516 is divided by 11?
10
What is the remainder when 9893 is divided by 50?
43
Calculate the remainder when 129327 is divided by 765.
42
What is the remainder when 141302 is divided by 256?
246
Calculate the remainder when 36274 is divided by 1064.
98
What is the remainder when 184417 is divided by 2634?
37
What is the remainder when 117789 is divided by 366?
303
What is the remainder when 10329 is divided by 10262?
67
What is the remainder when 27121 is divided by 35?
31
What is the remainder when 4515 is divided by 121?
38
Calculate the remainder when 77407 is divided by 47.
45
What is the remainder when 12227 is divided by 1352?
59
What is the remainder when 490135 is divided by 1373?
1347
What is the remainder when 1638 is divided by 23?
5
What is the remainder when 150627 is divided by 16?
3
What is the remainder when 1033 is divided by 9?
7
What is the remainder when 60368 is divided by 10?
8
What is the remainder when 6742 is divided by 1633?
210
Calculate the remainder when 1274 is divided by 18.
14
What is the remainder when 16944834 is divided by 147?
144
Calculate the remainder when 13661 is divided by 28.
25
Calculate the remainder when 417725 is divided by 46412.
17
Calculate the remainder when 134551 is divided by 121.
120
What is the remainder when 83232 is divided by 306?
0
What is the remainder when 5836 is divided by 1260?
796
What is the remainder when 3942 is divided by 17?
15
What is the remainder when 19929 is divided by 3975?
54
Calculate the remainder when 3898 is divided by 532.
174
Calculate the remainder when 26290 is divided by 6.
4
What is the remainder when 3507 is divided by 56?
35
Calculate the remainder when 231918 is divided by 70.
8
What is the remainder when 5693 is divided by 1886?
35
Calculate the remainder when 12085 is divided by 6024.
37
Calculate the remainder when 5643 is divided by 331.
16
Calculate the remainder when 30787 is divided by 86.
85
What is the remainder when 13146 is divided by 151?
9
What is the remainder when 1317160 is divided by 36?
28
What is the remainder when 6725 is divided by 1658?
93
Calculate the remainder when 175810 is divided by 1196.
1194
What is the remainder when 415452 is divided by 2865?
27
What is the remainder when 4343 is divided by 655?
413
What is the remainder when 19393 is divided by 1611?
61
What is the remainder when 6005 is divided by 1484?
69
Calculate the remainder when 75226 is divided by 12.
10
Calculate the remainder when 189 is divided by 36.
9
What is the remainder when 230269 is divided by 27?
13
What is the remainder when 4337 is divided by 2163?
11
What is the remainder when 6658 is divided by 2130?
268
What is the remainder when 1525539 is divided by 315?
309
Calculate the remainder when 11853 is divided by 16.
13
What is the remainder when 11940 is divided by 118?
22
Calculate the remainder when 44773 is divided by 169.
157
Calculate the remainder when 5345 is divided by 2663.
19
What is the remainder when 599 is divided by 460?
139
Calculate the remainder when 11076 is divided by 462.
450
What is the remainder when 56950 is divided by 42?
40
Calculate the remainder when 1372620 is divided by 21.
18
What is the remainder when 983 is divided by 248?
239
What is the remainder when 1570795 is divided by 69?
10
What is the remainder when 43788 is divided by 100?
88
What is the remainder when 19005 is divided by 96?
93
What is the remainder when 285956 is divided by 47651?
50
What is the remainder when 304 is divided by 139?
26
What is the remainder when 4149 is divided by 126?
117
What is the remainder when 173810 is divided by 173807?
3
Calculate the remainder when 56239 is divided by 185.
184
What is the remainder when 73512 is divided by 24476?
84
Calculate the remainder when 1701555 is divided by 74.
73
What is the remainder when 4298 is divided by 63?
14
What is the remainder when 110646 is divided by 3564?
162
Calculate the remainder when 1402541 is divided by 171.
170
Calculate the remainder when 99367 is divided by 190.
187
What is the remainder when 224 is divided by 21?
14
What is the remainder when 35306 is divided by 483?
47
Calculate the remainder when 32203 is divided by 1533.
10
What is the remainder when 43717 is divided by 11